 of 25 and 18618235.
5
What is the highest common divisor of 265941832 and 9048?
3016
Calculate the highest common divisor of 51591001 and 11.
11
Calculate the highest common divisor of 127441957 and 16868.
4217
What is the greatest common divisor of 957 and 131950522?
319
Calculate the highest common factor of 3688735 and 15.
5
Calculate the highest common divisor of 8274 and 170268.
42
Calculate the highest common factor of 17 and 92854.
17
Calculate the highest common factor of 1374160 and 12931.
193
Calculate the greatest common factor of 259407 and 1779236.
779
Calculate the highest common divisor of 106803 and 6885.
9
Calculate the highest common divisor of 11556 and 18868572.
108
Calculate the greatest common divisor of 2156424 and 96.
24
What is the greatest common factor of 2620 and 8815252?
524
What is the highest common factor of 404477 and 2204645?
701
What is the highest common divisor of 785290 and 26550?
590
Calculate the highest common divisor of 30847852 and 49.
49
What is the greatest common factor of 398725 and 1575?
25
Calculate the greatest common factor of 770 and 1642550.
70
Calculate the highest common factor of 86730132 and 6516.
2172
Calculate the greatest common divisor of 17248338 and 558.
558
What is the greatest common factor of 1088 and 451894?
34
Calculate the highest common factor of 36 and 8397846.
18
What is the greatest common divisor of 1716120 and 241416?
504
What is the highest common factor of 8486316 and 432?
108
Calculate the greatest common divisor of 176967 and 6552.
63
Calculate the greatest common divisor of 44 and 1946402524.
44
What is the highest common factor of 2847180 and 13440?
420
What is the highest common factor of 6552695 and 54520?
145
Calculate the greatest common divisor of 1333 and 7213508.
43
What is the greatest common divisor of 4315148 and 96?
4
What is the highest common divisor of 576 and 1340736?
192
Calculate the highest common divisor of 810 and 1005570.
90
What is the highest common factor of 2364 and 55939332?
2364
What is the greatest common divisor of 15555 and 51071213?
1037
Calculate the greatest common factor of 2739343 and 29513.
2683
Calculate the highest common divisor of 100 and 1413425.
25
What is the greatest common factor of 36841 and 2400482?
1939
What is the highest common divisor of 378 and 936912?
6
Calculate the greatest common factor of 7728 and 614704440.
3864
Calculate the highest common factor of 124 and 6552005.
31
Calculate the greatest common factor of 847168759 and 6376.
797
What is the greatest common divisor of 43569 and 773667?
423
What is the greatest common factor of 8528 and 1632948?
164
Calculate the highest common divisor of 2330327150 and 50.
50
Calculate the highest common factor of 2981022 and 141.
141
What is the greatest common factor of 30486678 and 228?
114
What is the highest common factor of 3900693 and 4735?
947
What is the highest common factor of 3399125 and 2485?
355
Calculate the greatest common factor of 278 and 381716518.
278
What is the greatest common factor of 20 and 111772940?
20
Calculate the greatest common divisor of 301 and 928241.
43
What is the greatest common factor of 16796 and 10573728?
1292
Calculate the highest common factor of 1540 and 70837613.
77
Calculate the greatest common divisor of 6647 and 3093661.
23
Calculate the greatest common factor of 261 and 362471.
29
What is the greatest common factor of 26432913 and 3510?
39
Calculate the highest common factor of 10941 and 18022953.
1563
What is the highest common divisor of 11272338 and 616?
154
What is the highest common divisor of 374 and 902479?
17
Calculate the highest common factor of 977235531 and 2907.
969
What is the greatest common divisor of 1 and 123338464?
1
What is the greatest common factor of 374206 and 61894?
14
Calculate the greatest common factor of 7397 and 14976.
13
Calculate the greatest common factor of 98 and 12986029.
49
What is the highest common factor of 449493676 and 372?
124
What is the greatest common factor of 5432 and 141322307?
679
What is the highest common factor of 5477 and 543592250?
5477
Calculate the greatest common factor of 4488 and 6104.
8
What is the greatest common divisor of 15472998 and 502149?
8511
What is the greatest common factor of 112 and 10610992?
112
What is the highest common factor of 34183884 and 93?
3
What is the greatest common divisor of 20648650 and 5?
5
What is the highest common divisor of 37057581 and 324?
81
Calculate the greatest common factor of 24505 and 126875.
145
Calculate the greatest common divisor of 618053 and 5.
1
What is the highest common divisor of 17640 and 16418430?
4410
What is the highest common factor of 2823425 and 675?
25
Calculate the greatest common divisor of 50531659 and 313.
313
Calculate the highest common factor of 255 and 12653967.
51
Calculate the highest common divisor of 92304 and 6546.
6
What is the greatest common divisor of 498086 and 14154?
674
What is the greatest common factor of 33363530 and 30?
10
What is the highest common factor of 3387496 and 4?
4
Calculate the greatest common divisor of 89408 and 2932303.
1397
What is the highest common factor of 1038577 and 207031?
1711
Calculate the highest common factor of 220 and 4102840.
20
What is the greatest common factor of 39528 and 388371384?
4392
Calculate the greatest common divisor of 48346 and 143152.
46
Calculate the highest common divisor of 4969 and 4178929.
4969
What is the highest common divisor of 55 and 27699505?
5
Calculate the greatest common factor of 11413705 and 10320.
215
Calculate the greatest common divisor of 8904578 and 988.
38
What is the greatest common divisor of 728409149 and 10166?
5083
What is the highest common divisor of 6684410 and 8358?
398
What is the highest common divisor of 394064 and 29040?
176
What is the greatest common factor of 7075 and 285198910?
1415
What is the highest common divisor of 66720 and 277722?
834
What is the highest common factor of 3297 and 2598?
3
What is the greatest common factor of 64 and 77983168?
64
What is the highest common divisor of 228506 and 15494?
122
What is the greatest common factor of 130985971 and 24283?
3469
Calculate the greatest common divisor of 15 and 8198040.
15
Calculate the highest common factor of 764408806 and 14.
14
Calculate the greatest common factor of 30 and 10692255.
15
Calculate the highest common divisor of 704692 and 35836.
124
Calculate the greatest common factor of 63789514 and 537.
179
Calculate the greatest common divisor of 5086921 and 32431.
791
What is the greatest common divisor of 485060 and 2760?
20
What is the greatest common factor of 555 and 22416820?
185
Calculate the highest common divisor of 90907031 and 34013.
4859
What is the highest common factor of 122 and 151240411?
61
What is the highest common factor of 6045 and 229667685?
6045
Calculate the highest common factor of 13440 and 252420.
420
What is the highest common divisor of 41348788 and 4940?
988
What is the highest common factor of 446574 and 236700?
1578
What is the greatest common factor of 413612 and 464492?
212
What is the highest common factor of 150084 and 142164?
396
Calculate the highest common factor of 42136791 and 138454.
1871
What is the greatest common factor of 42065177 and 7546?
3773
Calculate the greatest common factor of 297 and 6120117.
27
Calculate the greatest common factor of 2594630 and 46.
46
What is the highest common factor of 15056390 and 60?
10
Calculate the greatest common factor of 4016976 and 256944.
2544
What is the greatest common divisor of 600 and 519709200?
600
What is the greatest common divisor of 381560 and 710?
10
Calculate the greatest common divisor of 1394008875 and 1603.
1603
Calculate the greatest common divisor of 9344 and 7434368.
128
What is the greatest common divisor of 134 and 209992874?
134
What is the highest common divisor of 14 and 326682?
2
Calculate the highest common factor of 633432189 and 5457.
5457
What is the greatest common factor of 1620750 and 30?
30
What is the highest common divisor of 22 and 2236366?
22
What is the highest common divisor of 738 and 107994?
246
What is the greatest common factor of 1069200 and 1990800?
3600
What is the greatest common divisor of 912717 a